0
-14832 (base 11) to base 8
-50750
What is 127a2 (base 16) in base 11?
51952
Convert 112b (base 14) to base 4.
232203
5b6 (base 14) to base 7
3216
What is -260562 (base 8) in base 15?
-1bc22
3323 (base 7) to base 15
548
What is 2110 (base 4) in base 2?
10010100
-11000000100 (base 2) to base 4
-120010
What is 119 (base 14) in base 4?
3123
-233 (base 4) to base 12
-3b
What is 16551 (base 12) in base 11?
21a57
Convert 1e9 (base 15) to base 7.
1203
cb3 (base 13) to base 6
14022
Convert -71f7 (base 16) to base 3.
-1111000120
Convert -10601 (base 8) to base 14.
-18c1
Convert -41800 (base 9) to base 3.
-1101220000
What is -a502 (base 12) in base 11?
-12586
-1c0 (base 15) to base 4
-12111
Convert 2c00 (base 15) to base 6.
111430
What is 1231 (base 6) in base 10?
307
What is 101000110110 (base 2) in base 10?
2614
What is 2065 (base 10) in base 3?
2211111
What is 49299 (base 11) in base 2?
10001010011101101
Convert 1e4e (base 16) to base 11.
5913
What is -6 (base 16) in base 8?
-6
What is -713 (base 12) in base 8?
-1777
What is 18e (base 15) in base 5?
2414
-165 (base 7) to base 10
-96
12002 (base 7) to base 14
11a9
552 (base 8) to base 12
262
-211512 (base 8) to base 3
-10120200011
What is -4185 (base 12) in base 14?
-2873
What is 215 (base 7) in base 4?
1232
-a87a (base 14) to base 4
-13012330
125362 (base 7) to base 11
16738
Convert -1c7 (base 15) to base 8.
-634
Convert -1cda0 (base 14) to base 2.
-10010000100110000
c849 (base 14) to base 2
1000011100000001
Convert e515 (base 16) to base 15.
1259a
Convert 206 (base 14) to base 5.
3043
33155 (base 6) to base 8
10777
What is 333323 (base 4) in base 13?
1b29
Convert b51b (base 15) to base 8.
112604
Convert -305341 (base 6) to base 12.
-12251
What is -20313 (base 4) in base 9?
-700
50d0 (base 14) to base 9
21056
Convert 180 (base 16) to base 10.
384
-2201210 (base 4) to base 12
-5b98
What is 5b2 (base 15) in base 2?
10100001100
Convert 550 (base 9) to base 13.
288
What is 41732 (base 8) in base 14?
648a
1281 (base 9) to base 8
1704
What is 84b5 (base 13) in base 14?
69c4
What is -2080 (base 12) in base 2?
-110111100000
Convert -c19 (base 16) to base 13.
-1543
-376 (base 10) to base 14
-1cc
Convert 452 (base 11) to base 9.
661
Convert 40c (base 14) to base 6.
3404
What is -130 (base 15) in base 14?
-154
5b42 (base 16) to base 14
872a
Convert 642 (base 9) to base 2.
1000001100
Convert -2166 (base 7) to base 14.
-3dd
What is -303 (base 11) in base 12?
-266
-349 (base 11) to base 15
-1cb
What is 102315 (base 7) in base 4?
10103310
What is -1036 (base 10) in base 12?
-724
-22110102 (base 3) to base 15
-1c62
What is 4365 (base 10) in base 3?
12222200
7574 (base 11) to base 2
10011100010011
18041 (base 9) to base 14
475c
Convert -24633 (base 7) to base 14.
-251a
Convert 31241 (base 5) to base 4.
200113
Convert 2446 (base 7) to base 6.
4124
What is 3201332 (base 4) in base 2?
11100001111110
-111111110100 (base 2) to base 7
-14623
-b3b (base 13) to base 11
-1486
Convert 11000 (base 2) to base 13.
1b
Convert -14023 (base 5) to base 4.
-101302
Convert -10111100 (base 3) to base 14.
-cdd
Convert -2304 (base 5) to base 3.
-110012
-20110000 (base 3) to base 4
-1021122
Convert 8bc (base 16) to base 13.
1030
What is -5398 (base 10) in base 14?
-1d78
What is 12532 (base 13) in base 2?
1000010000110001
What is -453d (base 15) in base 13?
-68b6
What is -5056 (base 8) in base 12?
-1612
Convert -a3 (base 13) to base 7.
-250
What is -15210 (base 8) in base 10?
-6792
What is -333303 (base 4) in base 3?
-12121020
1872 (base 9) to base 2
10110100010
493a (base 13) to base 12
5bb2
What is ac7 (base 15) in base 12?
14b1
-2003303 (base 4) to base 9
-12512
What is 166e (base 16) in base 13?
27c9
-65610 (base 7) to base 8
-40046
What is -1292 (base 14) in base 4?
-303000
-3de5 (base 15) to base 12
-7815
What is 10342 (base 5) in base 7?
2051
What is d7 (base 14) in base 4?
2331
What is 101011110100100 (base 2) in base 4?
11132210
What is -3058 (base 12) in base 4?
-1102010
What is 5d (base 14) in base 3?
10002
Convert 639b (base 16) to base 15.
784e
Convert -3508 (base 11) to base 14.
-1970
What is -674 (base 13) in base 3?
-1112002
What is -11302013 (base 4) in base 10?
-23687
-516a (base 11) to base 9
-10353
What is 13130101 (base 4) in base 14?
b173
-230233 (base 4) to base 2
-101100101111
-268a2 (base 11) to base 9
-57538
-20140 (base 7) to base 13
-22b4
Convert -19 (base 15) to base 13.
-1b
47 (base 12) to base 4
313
Convert -527 (base 8) to base 7.
-1000
Convert 2617 (base 11) to base 7.
12634
What is -1372 (base 9) in base 2?
-10000001101
What is -1413 (base 5) in base 15?
-108
Convert 110100001101011 (base 2) to base 16.
686b
What is -1007 (base 11) in base 10?
-1338
-111020 (base 3) to base 6
-1353
4b6 (base 12) to base 8
1312
-231004 (base 5) to base 4
-2000332
Convert 2330123 (base 5) to base 8.
123052
Convert -12450 (base 7) to base 5.
-101233
Convert 403 (base 8) to base 15.
124
Convert 45868 (base 10) to base 8.
131454
What is 309 (base 16) in base 8?
1411
Convert 2cb0 (base 13) to base 14.
256d
20020 (base 5) to base 2
10011101100
Convert -8462 (base 9) to base 16.
-1844
What is -11133302 (base 4) in base 11?
-15a08
What is 170 (base 9) in base 10?
144
bd2 (base 15) to base 2
101001110000
52d (base 14) to base 10
1021
-1000011010110110 (base 2) to base 16
-86b6
-10100000100 (base 2) to base 8
-2404
Convert 1000110101110011 (base 2) to base 8.
106563
Convert 1022212 (base 3) to base 7.
2552
Convert -e6 (base 16) to base 13.
-149
Convert -205a (base 12) to base 16.
-dc6
What is 28a29 (base 13) in base 9?
125744
-11223 (base 5) to base 9
-1103
1210220 (base 3) to base 6
10040
What is 100021002 (base 3) in base 5?
204002
What is -265 (base 13) in base 7?
-1141
-20554 (base 8) to base 11
-6479
31878 (base 9) to base 3
1001222122
What is 214261 (base 7) in base 5?
2200103
Convert -1454 (base 13) to base 16.
-b7e
Convert 7333 (base 8) to base 12.
224b
What is -955 (base 15) in base 6?
-13425
2566 (base 10) to base 16
a06
201211 (base 3) to base 13
322
11105 (base 7) to base 4
223232
-120312 (base 4) to base 16
-636
101010011011101 (base 2) to base 15
6685
What is -1032 (base 5) in base 10?
-142
Convert 621 (base 11) to base 6.
3245
What is 6d (base 16) in base 15?
74
-162640 (base 8) to base 13
-209ab
112221111 (base 3) to base 5
322034
10110010110111 (base 2) to base 7
45242
What is 765 (base 10) in base 5?
11030
-10211212 (base 3) to base 15
-c6e
What is 314 (base 7) in base 4?
2132
1705 (base 8) to base 6
4245
Convert -8975 (base 12) to base 13.
-6bcc
-2e72 (base 16) to base 14
-4494
6ed (base 15) to base 13
940
-612 (base 13) to base 12
-719
-c9 (base 16) to base 7
-405
Convert -2021102012 (base 3) to base 8.
-127343
Convert cee6 (base 15) to base 4.
22231122
Convert -33023 (base 4) to base 12.
-68b
What is -69b (base 12) in base 3?
-1100102
Convert -10434 (base 5) to base 14.
-3b2
-2099 (base 10) to base 12
-126b
10111010001010 (base 2) to base 5
340124
1106 (base 7) to base 11
332
What is -1246 (base 13) in base 5?
-40333
What is 2010021 (base 4) in base 12?
4a89
Convert 32001222 (base 4) to base 15.
12050
18c1 (base 14) to base 13
2069
Convert 22203 (base 4) to base 2.
1010100011
Convert 40a1 (base 14) to base 3.
120020202
20020 (base 4) to base 2
1000001000
What is -47107 (base 9) in base 11?
-21688
What is -100001010010011 (base 2) in base 5?
-1021133
What is -1146 (base 13) in base 3?
-10022210
101203 (base 4) to base 7
3163
-966 (base 12) to base 5
-20444
Convert -2810 (base 11) to base 5.
-104031
-5313 (base 6) to base 3
-1122100
What is -382 (base 9) in base 7?
-632
3ac (base 14) to base 8
1344
-da8 (base 15) to base 5
-44313
What is 1011001110110 (base 2) in base 15?
1a85
Convert -130c (base 13) to base 4.
-222130
Convert -6e62 (base 15) to base 12.
-11718
Convert 341 (base 6) to base 5.
1013
-124062 (base 7) to base 3
-1011120210
3541 (base 12) to base 14
2253
What is 1369 (base 12) in base 6?
14213
What is -1631 (base 9) in base 4?
-103123
Convert 2851 (base 10) to base 8.
5443
What is -1588 (base 13) in base 9?
-4284
1423 (base 15) to base 3
12220120
102020202 (base 3) to base 16
2009
-3042111 (base 5) to base 3
-2112010010
What is 2a19 (base 14) in base 9?
11221
1112530 (base 6) to base 14
16778
Conve